lculate the remainder when 689 is divided by 63.
59
Calculate the remainder when 170 is divided by 29.
25
Calculate the remainder when 53 is divided by 41.
12
Calculate the remainder when 873 is divided by 180.
153
Calculate the remainder when 696 is divided by 22.
14
Calculate the remainder when 1002 is divided by 112.
106
What is the remainder when 128 is divided by 11?
7
What is the remainder when 1232 is divided by 12?
8
What is the remainder when 258 is divided by 44?
38
What is the remainder when 1316 is divided by 38?
24
Calculate the remainder when 1500 is divided by 306.
276
What is the remainder when 2432 is divided by 40?
32
Calculate the remainder when 1160 is divided by 163.
19
Calculate the remainder when 1049 is divided by 147.
20
Calculate the remainder when 2546 is divided by 14.
12
What is the remainder when 312 is divided by 35?
32
Calculate the remainder when 165 is divided by 50.
15
Calculate the remainder when 880 is divided by 50.
30
Calculate the remainder when 6724 is divided by 29.
25
What is the remainder when 66 is divided by 17?
15
What is the remainder when 276 is divided by 97?
82
What is the remainder when 759 is divided by 8?
7
Calculate the remainder when 1032 is divided by 45.
42
Calculate the remainder when 14486 is divided by 21.
17
Calculate the remainder when 1166 is divided by 10.
6
What is the remainder when 63 is divided by 27?
9
Calculate the remainder when 545 is divided by 94.
75
Calculate the remainder when 779 is divided by 14.
9
Calculate the remainder when 91 is divided by 14.
7
Calculate the remainder when 116 is divided by 21.
11
Calculate the remainder when 498 is divided by 196.
106
Calculate the remainder when 836 is divided by 106.
94
What is the remainder when 1319 is divided by 188?
3
Calculate the remainder when 494 is divided by 55.
54
Calculate the remainder when 13 is divided by 9.
4
What is the remainder when 90 is divided by 19?
14
Calculate the remainder when 811 is divided by 29.
28
What is the remainder when 9327 is divided by 176?
175
Calculate the remainder when 797 is divided by 56.
13
Calculate the remainder when 114 is divided by 64.
50
Calculate the remainder when 448 is divided by 86.
18
Calculate the remainder when 60 is divided by 15.
0
What is the remainder when 1965 is divided by 48?
45
Calculate the remainder when 1822 is divided by 32.
30
Calculate the remainder when 818 is divided by 275.
268
Calculate the remainder when 611 is divided by 22.
17
Calculate the remainder when 43 is divided by 19.
5
Calculate the remainder when 107 is divided by 61.
46
Calculate the remainder when 57 is divided by 41.
16
What is the remainder when 798 is divided by 50?
48
Calculate the remainder when 1439 is divided by 30.
29
Calculate the remainder when 2674 is divided by 47.
42
What is the remainder when 417 is divided by 30?
27
Calculate the remainder when 72 is divided by 34.
4
Calculate the remainder when 23177 is divided by 76.
73
What is the remainder when 430 is divided by 4?
2
What is the remainder when 190 is divided by 55?
25
What is the remainder when 594 is divided by 282?
30
Calculate the remainder when 47 is divided by 16.
15
What is the remainder when 1002 is divided by 53?
48
Calculate the remainder when 156 is divided by 54.
48
What is the remainder when 222 is divided by 25?
22
What is the remainder when 2246 is divided by 113?
99
What is the remainder when 18519 is divided by 378?
375
What is the remainder when 96 is divided by 44?
8
What is the remainder when 1726 is divided by 12?
10
Calculate the remainder when 202 is divided by 74.
54
Calculate the remainder when 70 is divided by 67.
3
Calculate the remainder when 127 is divided by 66.
61
What is the remainder when 436 is divided by 146?
144
Calculate the remainder when 1084 is divided by 155.
154
What is the remainder when 243 is divided by 77?
12
What is the remainder when 8705 is divided by 66?
59
What is the remainder when 204 is divided by 52?
48
What is the remainder when 483 is divided by 61?
56
Calculate the remainder when 190 is divided by 52.
34
Calculate the remainder when 1370 is divided by 20.
10
Calculate the remainder when 43 is divided by 2.
1
Calculate the remainder when 588 is divided by 100.
88
Calculate the remainder when 120 is divided by 57.
6
What is the remainder when 253 is divided by 33?
22
Calculate the remainder when 2289 is divided by 64.
49
What is the remainder when 798 is divided by 25?
23
What is the remainder when 101 is divided by 13?
10
Calculate the remainder when 1996 is divided by 18.
16
What is the remainder when 3412 is divided by 172?
144
What is the remainder when 104 is divided by 57?
47
What is the remainder when 286 is divided by 150?
136
Calculate the remainder when 387 is divided by 70.
37
Calculate the remainder when 577 is divided by 62.
19
Calculate the remainder when 130 is divided by 9.
4
What is the remainder when 1759 is divided by 352?
351
Calculate the remainder when 784 is divided by 385.
14
Calculate the remainder when 78 is divided by 16.
14
What is the remainder when 730 is divided by 305?
120
What is the remainder when 597 is divided by 120?
117
Calculate the remainder when 665 is divided by 225.
215
What is the remainder when 989 is divided by 9?
8
What is the remainder when 752 is divided by 339?
74
Calculate the remainder when 230 is divided by 9.
5
Calculate the remainder when 119 is divided by 74.
45
Calculate the remainder when 527 is divided by 175.
2
Calculate the remainder when 740 is divided by 14.
12
Calculate the remainder when 299 is divided by 151.
148
What is the remainder when 350 is divided by 32?
30
What is the remainder when 50 is divided by 29?
21
What is the remainder when 118 is divided by 20?
18
Calculate the remainder when 7503 is divided by 79.
77
What is the remainder when 60 is divided by 54?
6
What is the remainder when 436 is divided by 73?
71
What is the remainder when 677 is divided by 114?
107
What is the remainder when 392 is divided by 169?
54
Calculate the remainder when 537 is divided by 34.
27
What is the remainder when 10 is divided by 6?
4
What is the remainder when 1153 is divided by 286?
9
Calculate the remainder when 196 is divided by 165.
31
Calculate the remainder when 8351 is divided by 2782.
5
What is the remainder when 7906 is divided by 41?
34
What is the remainder when 697 is divided by 28?
25
What is the remainder when 490 is divided by 487?
3
Calculate the remainder when 239 is divided by 48.
47
Calculate the remainder when 33386 is divided by 15.
11
What is the remainder when 1149 is divided by 36?
33
Calculate the remainder when 333 is divided by 16.
13
What is the remainder when 426 is divided by 59?
13
Calculate the remainder when 35 is divided by 6.
5
Calculate the remainder when 90 is divided by 80.
10
What is the remainder when 395 is divided by 66?
65
What is the remainder when 624 is divided by 63?
57
What is the remainder when 444 is divided by 9?
3
Calculate the remainder when 973 is divided by 79.
25
What is the remainder when 21 is divided by 8?
5
Calculate the remainder when 11373 is divided by 242.
241
Calculate the remainder when 124 is divided by 9.
7
What is the remainder when 384 is divided by 18?
6
What is the remainder when 384 is divided by 204?
180
Calculate the remainder when 828 is divided by 168.
156
What is the remainder when 24 is divided by 21?
3
Calculate the remainder when 1557 is divided by 130.
127
What is the remainder when 399 is divided by 34?
25
What is the remainder when 185 is divided by 36?
5
What is the remainder when 2669 is divided by 89?
88
Calculate the remainder when 11435 is divided by 12.
11
Calculate the remainder when 56 is divided by 15.
11
What is the remainder when 287 is divided by 18?
17
Calculate the remainder when 64 is divided by 6.
4
What is the remainder when 27 is divided by 10?
7
Calculate the remainder when 119 is divided by 96.
23
Calculate the remainder when 1265 is divided by 47.
43
Calculate the remainder when 2848 is divided by 598.
456
What is the remainder when 52 is divided by 15?
7
Calculate the remainder when 103 is divided by 13.
12
What is the remainder when 174 is divided by 16?
14
Calculate the remainder when 147 is div